 base 16, what is -1c5 + -20c30?
-20df5
In base 8, what is -1560 + 2076150?
2074370
In base 4, what is -212131321 + 113?
-212131202
In base 10, what is -5 + -121137?
-121142
In base 6, what is 2021314404 - -50?
2021314454
In base 13, what is -18 - -17217c7?
17217ac
In base 6, what is 2215151 + 15302?
2234453
In base 11, what is 39a3 - 700?
32a3
In base 14, what is 2 + c21cb6?
c21cb8
In base 7, what is 203 + 3203606?
3204112
In base 2, what is -1101110010111 - -1001100100011?
-100001110100
In base 16, what is 60a - c49?
-63f
In base 9, what is 213225 + -4?
213221
In base 5, what is 1102120 + 22343?
1130013
In base 2, what is 11011 - -101111011010100101?
101111011011000000
In base 4, what is -1021121302 + 32?
-1021121210
In base 4, what is 132312300 + 1001?
132313301
In base 12, what is 10548726 - -5?
1054872b
In base 16, what is 1 + -43a23a?
-43a239
In base 9, what is 77 + -28446?
-28358
In base 3, what is -122222 + 2002202201?
2002002202
In base 7, what is 4 - 12521130?
-12521123
In base 8, what is -66606747 + -3?
-66606752
In base 4, what is 3301222032 - -2222?
3301230320
In base 10, what is 138769 + 85?
138854
In base 9, what is 2755 + 100416?
103272
In base 2, what is -1110110111101000110101 - 1001?
-1110110111101000111110
In base 8, what is -14463073 - -5?
-14463066
In base 12, what is 7777532 - 0?
7777532
In base 4, what is -1230123 - -1302111?
11322
In base 11, what is -22054 + 278?
-21887
In base 4, what is 3202121311 - 222?
3202121023
In base 4, what is -212203132010011 + -2?
-212203132010013
In base 10, what is 795 + 469?
1264
In base 11, what is 32865324 - 1?
32865323
In base 3, what is 2 - -2201021222220?
2201021222222
In base 12, what is -10 + -5716b?
-5717b
In base 8, what is 1 + 7636213?
7636214
In base 7, what is 44632315 + -2?
44632313
In base 15, what is 124c7 - -2e5?
127bc
In base 4, what is 3 + -20302323103?
-20302323100
In base 11, what is -151616 - -112?
-151504
In base 15, what is -8 + b653c?
b6534
In base 8, what is -21574 + -547?
-22343
In base 16, what is 6f41 + 76c?
76ad
In base 4, what is 2100332123 - -231?
2100333020
In base 15, what is -28b3777 + 3?
-28b3774
In base 10, what is 10167376 + 2?
10167378
In base 8, what is -3 + 2057535163?
2057535160
In base 6, what is 1 - -35010023545?
35010023550
In base 9, what is 253581647 + -5?
253581642
In base 16, what is dfda7 - 4?
dfda3
In base 3, what is -222212 + 10212110022212?
10212102100000
In base 5, what is -22302313 + 212?
-22302101
In base 9, what is -125172865 + -5?
-125172871
In base 15, what is 4c068 + 922?
4c98a
In base 3, what is 21002000220000212 + 12?
21002000220001001
In base 11, what is -51550 + -988?
-52428
In base 2, what is -100100100000 + -111100011011000000?
-111100111111100000
In base 10, what is -24 - -110472?
110448
In base 10, what is 259666764 - -5?
259666769
In base 6, what is 31512 - -15220?
51132
In base 15, what is -92de6 + 2e1?
-92b05
In base 15, what is -b5ab + -5b7?
-bb73
In base 5, what is -11013003344 + 21?
-11013003323
In base 11, what is 11 - -110768?
110779
In base 15, what is c499b51 - 5?
c499b4b
In base 11, what is -123 + -21513?
-21636
In base 7, what is -15005541 + -1?
-15005542
In base 10, what is -2308246 + -5?
-2308251
In base 11, what is -3308 - -30936?
28629
In base 16, what is 8c + -7191?
-7105
In base 11, what is -1840 + -4a64?
-67a4
In base 5, what is -1001331032322 - -4?
-1001331032313
In base 2, what is 10001110110111100 + 1000001110?
10001111111001010
In base 8, what is -24361 - 17565?
-44146
In base 3, what is 21120021010 + -2120?
21120011120
In base 11, what is -139376 + -3?
-139379
In base 9, what is 403266 + -7?
403258
In base 6, what is -2 - 11441115151?
-11441115153
In base 10, what is -14 - -2687896?
2687882
In base 13, what is 23 + -610?
-5ba
In base 2, what is 1011111 + -1010111001010100010010?
-1010111001010010110011
In base 7, what is -124260644 - -4?
-124260640
In base 15, what is -5b + -3ccc2?
-3cd2d
In base 10, what is -11137 - 27271?
-38408
In base 7, what is -111403635 - -2?
-111403633
In base 5, what is 11121320 - 210210?
10411110
In base 3, what is -10 + 2212122201010202?
2212122201010122
In base 6, what is 2500435151 + -2?
2500435145
In base 3, what is -2120 + -1011210221021?
-1011211000211
In base 4, what is 3331123 + 1211?
3333000
In base 8, what is -64 + 37767061?
37766775
In base 2, what is -1001010001000111001100 - -10001?
-1001010001000110111011
In base 6, what is 1252351 - -4455?
1301250
In base 2, what is 101 - -100001111111101010101110101?
100001111111101010101111010
In base 12, what is -7ab890 - 8?
-7ab898
In base 3, what is -1220011011 + 12010201?
-1201000110
In base 6, what is -4411255 - 305?
-4412004
In base 3, what is -120020122220 + 22?
-120020122121
In base 4, what is -220 - 333203110010?
-333203110230
In base 14, what is 5 - 4a974bb?
-4a974b6
In base 14, what is -3ba792 + 92?
-3ba700
In base 13, what is -2 + -2a93512?
-2a93514
In base 9, what is 25 + 3628457?
3628483
In base 11, what is -1505589 - -3?
-1505586
In base 11, what is -a0693 - -100?
-a0593
In base 5, what is 10 + 2341041201?
2341041211
In base 5, what is 32134333 - -10004?
32144342
In base 8, what is 20140510 + 7?
20140517
In base 9, what is 5 - 40353203?
-40353187
In base 4, what is 21100 + -330203?
-303103
In base 14, what is -27d920c - 1?
-27d920d
In base 14, what is -17 - 74c17?
-74c30
In base 4, what is -10113022 + 31033?
-10021323
In base 11, what is -72 - -76a1?
762a
In base 9, what is -28200 - 2732?
-32032
In base 4, what is -130 - -3130132211?
3130132021
In base 2, what is 11111101111010100100100000 + -101?
11111101111010100100011011
In base 9, what is 3 - 5534805?
-5534802
In base 8, what is -313217 + -1303?
-314522
In base 6, what is 1500545310 + 5?
1500545315
In base 9, what is -3644473 - 40?
-3644523
In base 13, what is -281077 + -97?
-281141
In base 12, what is 906 - -a51?
1757
In base 2, what is -11 - 1000110101010011100010?
-1000110101010011100101
In base 9, what is -8524106 + -6?
-8524113
In base 9, what is 887 + 5686?
6684
In base 11, what is 7 - -28a4264?
28a4270
In base 6, what is -333433524251 + 2?
-333433524245
In base 9, what is -72380 + -47?
-72437
In base 2, what is -110110000 - 1011011010010100010001?
-1011011010011011000001
In base 4, what is -112203110 + 233233?
-111303211
In base 4, what is 1303 - -21111023100?
21111031003
In base 10, what is -9474 - -5453?
-4021
In base 9, what is 11365561 - -100?
11365661
In base 10, what is 3 + 4222185?
4222188
In base 3, what is 220102112 + 1020220211?
2011100100
In base 9, what is 422863367 - 3?
422863364
In base 2, what is -1 + -10001111101000110011110111?
-10001111101000110011111000
In base 4, what is -1020023213 - 12?
-1020023231
In base 15, what is -1919e9 - -5?
-1919e4
In base 14, what is -4 + 70068?
70064
In base 8, what is -46 + -30263414?
-30263462
In base 10, what is 10260989 + 4?
10260993
In base 4, what is -10 - 13033023322113?
-13033023322123
In base 11, what is -20aa806 - 0?
-20aa806
In base 15, what is -e6e38e1 - 4?
-e6e38e5
In base 2, what is 10101 + 11011111111011000?
11011111111101101
In base 10, what is 9 + -20771530?
-20771521
In base 14, what is -6d5a + -3c?
-6d98
In base 7, what is -13331 + 66153?
52522
In base 9, what is 31 + 218482?
218523
In base 16, what is -2776 - 6aa?
-2e20
In base 8, what is 212056621 + 5?
212056626
In base 12, what is 187940 - -7?
187947
In base 8, what is 7654336 - 20?
7654316
In base 11, what is 4 - 3297645?
-3297641
In base 9, what is -3 - -527118?
527115
In base 10, what is -124 + -116322?
-116446
In base 14, what is -2 + -398c43?
-398c45
In base 10, what is -152422853 + -5?
-152422858
In base 11, what is -9251650 + 2?
-9251649
In base 12, what is -110377a6 - 1a?
-11037804
In base 3, what is -12201 + 1201101001120?
1201100211212
In base 8, what is 10676530463 + 3?
10676530466
In base 12, what is -1 - -370424?
370423
In base 9, what is -738387136 - 4?
-738387141
In base 14, what is 2 - -342abd?
342ac1
In base 11, what is 3288a6 + -16?
328890
In base 14, what is 195 - -1496?
164b
In base 2, what is 11111101001001 - 11011010010100?
100010110101
In base 7, what is -23152 - 14652?
-41134
In base 6, what is -12001432 - -20?
-12001412
In base 12, what is -a9 + 12b6ab?
12b602
In base 13, what is -a + -464593?
-46